r - 6 = -31*r. Suppose 3*y = 5*p + 6, -r*p = -2*p. Let m(u) = 3*u**2 - 5*u - 6 + 8 + u**y - 5*u**2. What is m(-6)?
-4
Let p(h) = -1088*h**2 - 3 - 1085*h**2 + 2178*h**2 + 10*h + h**3. Calculate p(-4).
-27
Let i be ((-4)/(-12))/(2/18). Let s(f) = 10*f**3 - 13*f**2 - 18*f - 12. Let x(k) = 3*k**3 - 4*k**2 - 5*k - 4. Let z(p) = 2*s(p) - 7*x(p). What is z(i)?
-8
Let k be (-11 - -10)*18/3. Let w(b) = b**2 + 8 - 7*b - b**3 - 7 - 8*b**2. What is w(k)?
7
Let x(m) = 152*m + 333. Let v(a) = 150*a + 416. Let l(q) = -4*v(q) + 5*x(q). Calculate l(-1).
-159
Suppose 0 = -4*m + 402 - 398. Let c(h) = -5*h - 2. What is c(m)?
-7
Suppose -2076*m + 2043*m = -198. Let k(s) = 2*s**2 - 19*s + 72. Give k(m).
30
Let n(q) = -2*q + 13. Suppose 559*l = 572*l + 130. Give n(l).
33
Let t(d) = 54 - 12 - 4*d - 18 - 21 + 2*d. Give t(8).
-13
Let s = -49 + 47. Let p be (s/3)/(16/(-72)). Let z(x) = 3*x**2 - 3*x**3 + 5*x + x**3 + x**3 - 4. Determine z(p).
11
Let b(h) = 4*h - 3*h - 5 + h. Let d = -442 - -444. Suppose d*s = 4*s + 3*q + 11, 3*s + 9 = 3*q. Give b(s).
-13
Let t(j) = j**3 - j**2 + 2*j + 2. Let o(g) = 5*g**3 + 7*g + 6. Let v(q) = -o(q) + 2*t(q). What is v(-2)?
20
Let i be (-9)/63*(-6 + 1)*(-60 + 67). Let p(o) = 2*o**2 + 3*o - 20. What is p(i)?
45
Let q be 72/10 - (-3)/(-15). Let l(o) = -323 - 13*o + 5*o**2 + 316 - 8*o**2 + 5*o**2 + 0*o**2. What is l(q)?
0
Let z(h) = 3*h + 15. Let v be (-15)/(-18)*132/165*(-5 + -4). Calculate z(v).
-3
Let c(v) = v**2 + 8*v - 6. Suppose 5*b + 0*f = 4*f + 7, -f - 13 = -5*b. Let h be (0/b + 6)*-1. What is c(h)?
-18
Suppose 0*t - 21 = -3*t. Let z = -73 - -94. Let x(w) = -30 + z + 4*w + 0*w - 3*w. Give x(t).
-2
Let q(s) be the first derivative of -6*s + 1/2*s**2 - 1. Suppose 0 = -39*a + 15950 - 15677. What is q(a)?
1
Let y(d) = 9*d + 419. Let z = -21357 - -21310. Calculate y(z).
-4
Let o(n) = 75*n + 1515. Let c be o(-20). Let a(x) = x**3 - 15*x**2 - 2*x + 29. What is a(c)?
-1
Let x(f) = -10*f - 6. Let o(h) = 9*h + 6. Let l(v) = -7*o(v) - 6*x(v). Let j = -300 - -363. Suppose -d + 57 - j = 0. Calculate l(d).
12
Let z(a) = -a + 19. Let d be (-10 - -24)*(-154)/(-98). Give z(d).
-3
Suppose -24 = -13*s + 23 - 8. Let n(t) = 3*t**3 - 9*t**2 + 2*t - 5. What is n(s)?
1
Let m(k) = k**3 + 5*k**2 - 5*k + 3. Let x(w) = 4*w + 6. Let l(q) = 9*q + 12. Let t be 25/2 + 4/8. Let y(o) = t*x(o) - 6*l(o). Let z be y(6). Give m(z).
-3
Let q(l) = -l**3 + 5*l**2 - 4*l - 3. Let i = -11 + 20. Let a be i/((-1)/2 - -2). Let n be (-3)/a - (-45)/10. What is q(n)?
-3
Let j(q) be the third derivative of -q**4/24 + q**3 - q**2. Let g be -2*(-4)/(36/3717). Let m = -819 + g. Give j(m).
-1
Suppose 17*i + 14 = 16*i. Let r(o) = o**3 + 15*o**2 + 14*o. Let f be r(i). Let b(t) = t**3 + t**2 - 4. Determine b(f).
-4
Let b = 183 + -183. Let j(n) = 51 + 41 + 5*n - 87 + b*n. Calculate j(-4).
-15
Let f(w) be the first derivative of -w**2 - w + 0*w**3 + 77 + 5/4*w**4. Suppose 2*g - 5*z + 12 = 0, 0 = 2*g - 3*g - z + 1. Determine f(g).
-4
Let j(g) be the first derivative of -g**4/4 - 7*g**3/3 - g**2 - 4*g - 338. Let x = 32 - 38. Calculate j(x).
-28
Let j(z) = 3*z - 18. Let c(v) = -2*v + 9. Let y(i) = 5*c(i) + 3*j(i). Suppose -8*f + 13*f - 75 = 0. Suppose 2*h + 1 = f. Calculate y(h).
-16
Let r be -135 - (-4 + 0 + 2). Let n be 2/7 - r/49. Suppose 0 = 3*j - 4*j + n. Let q(s) = 3*s**2 - 4*s + 1. Calculate q(j).
16
Let q(t) = -3*t**3 - 18*t**2 + 41*t + 4. Suppose 2*c - 6 = c. Let p(m) = 4*m - m - m**3 + 1 + 8*m - 6*m**2 + 3*m. Let l(j) = c*q(j) - 17*p(j). Give l(-7).
0
Let n(j) = -15*j**3 - j**2 + j - 1. Let u be ((-6)/(-4) + -4)/(5/(-8)). Suppose -d = 5*x + u - 8, -2*x - 4*d = 2. Determine n(x).
-16
Let y(v) = -75*v + 55*v - 382 + 413. Give y(2).
-9
Suppose k - 20 = -4*k. Let f(w) be the third derivative of 5/6*w**3 + 0 - w**2 - 1/8*w**4 + 77*w. Calculate f(k).
-7
Let k(n) = -5*n + 93. Suppose -673*m - 576 = -705*m. Calculate k(m).
3
Let x(z) = -2*z + 2. Let g(h) = -27*h + 131. Let c(m) = -13*m + 67. Let n(d) = -9*c(d) + 4*g(d). Let f be n(9). What is x(f)?
-2
Let x(o) = -o**3 - o + 2. Let q(f) = 2*f - 21. Let i be q(12). Let r be -1*i + (40 - 40). Determine x(r).
32
Suppose 0 = 8*a + 5*a + 68 + 36. Let x(t) = -3*t - 12. Determine x(a).
12
Let u(y) = -4*y + 70 - y**2 - 28*y + 9 - 33 + 62. Determine u(-35).
3
Let g be ((-27)/(-6))/(-1*9/12). Let d(x) = 22*x**3 + x**2 - x - 7. Suppose 3*s - 6 = -3. Let z(w) = w**3 - 1. Let q(a) = g*z(a) + s*d(a). Give q(-1).
-15
Let a(s) = 4*s - 19. Let w(o) = -3*o + 67. Let l(u) = -2*a(u) - 2*w(u). Calculate l(-32).
-32
Let x(z) = -40*z + 211. Let t be x(5). Let s(j) = 5*j + 8 - t + 1 + 5. Determine s(-2).
-7
Let b(t) be the second derivative of 2*t**3/3 + 8*t**2 + 3153*t. Give b(0).
16
Let n(o) = 75*o - 27. Let s(g) = -449*g + 177. Let d(y) = -13*n(y) - 2*s(y). Give d(-1).
74
Let f(r) = -5*r**2 + 46*r - 37. Let u(k) = 4*k**2 - 38*k + 37. Let o(b) = 3*f(b) + 4*u(b). Determine o(6).
-11
Let o(a) = -143*a - 1099. Let b(w) = 86*w + 661. Let m(k) = -12*b(k) - 7*o(k). Give m(-8).
9
Let o(y) = 10*y**3 - 4 - 7*y**3 - 4*y**2 - 4*y**3 - 2 + 6*y. Suppose -5*c + 2*t = 19, 5*c - 5*t = -10*t - 40. Calculate o(c).
-11
Let d be (-56)/(-84) - (16/6)/(-2). Suppose 5*t + 27 = 4*z, 0 = -d*z + 3*t + 9 + 6. Let l(u) = 0*u**3 - 659 + u + 659 - u**z. Calculate l(-1).
0
Let z(v) = 2*v**2 - v**2 + 2 - 5*v + 3. Suppose 4*g - 32 = 3*b, 0 = -4*g - 4*b + 652 - 648. Give z(g).
5
Let p(y) be the second derivative of 16*y + 0 - 5/12*y**4 + 1/10*y**5 + y**3 - 7/2*y**2. Let v(i) = -i**3 - i**2 + i. Let r(b) = p(b) + v(b). What is r(5)?
3
Let p be ((4 + -3)*9/3)/1. Suppose 3*f = 2*u + p, -3*u = -3*f - 6*u + 18. Let s(m) = -m - m + 6 + m - f. Give s(-3).
6
Let y(i) = -2 + 4 - 823855*i**2 + 3 + 8*i + 823854*i**2. Suppose 3 - 15 = -4*b. Suppose 2*q + 2*g = q + 6, 27 = 3*q - b*g. Determine y(q).
5
Let x(k) = -k + 26. Let t(n) = -4*n + 105. Let b(a) = 2*t(a) - 9*x(a). Let c be b(16). Let l be (-84)/(-32) + (-3)/c. Let j(u) = 3*u - 3. Determine j(l).
6
Let r(a) = 91*a + 9. Let i(c) = 41*c + 2. Let g(x) = 2*i(x) - r(x). What is g(6)?
-59
Suppose 5*k = k + 12. Let v(s) = 3*s - 1. Let n be v(k). Let b(u) = u**3 - 3*u**2 + 18 - 12 - n. Determine b(3).
-2
Let q(p) be the first derivative of p**4/4 + 16*p**3/3 + 19*p**2/2 + 18*p - 1054. Determine q(-15).
-42
Let o(l) = -5*l**2 - 35*l - 14. Let h(r) = -r**2 - 17*r + 2. Let v(f) = 4*h(f) - o(f). Calculate v(32).
-10
Let i(v) be the first derivative of v**4/12 + v**3/3 - 3*v**2/2 - 104*v - 128. Let c(u) be the first derivative of i(u). Calculate c(-3).
0
Let k be (-1 + 1)/1 + (-324)/(-162). Let i(o) = 7 - 9*o**2 + o**3 - 9*o - 2*o**3 - o**3 + o**3 - 4*o**k. What is i(-12)?
-29
Let o(z) be the third derivative of -z**6/120 + z**5/60 + z**4/12 - z**3/3 + 8*z**2 - 160*z. What is o(2)?
-2
Let k(j) = 93*j + 751. Let q(g) = -5*g**2 - 219*g + 1486. Let u be q(6). Calculate k(u).
7
Let k(y) = -y**2 + 5 + 0*y**2 + 41*y + 37*y + 0*y**2 - 71*y. Suppose 24 = 5*f - 2*f. Calculate k(f).
-3
Let s(x) = -x**2 + 16*x - 27. Let v(t) = 2*t**2 - 3*t + 2. Let a(y) = s(y) + 2*v(y). Give a(-5).
2
Let b be ((-6)/4 - -1)*-10. Suppose 2*q + 5*d = 5*q - b, 2*d = 4. Suppose -q*c - 2 + 32 = 0. Let k(m) = m - 6. Give k(c).
0
Let y(c) = -151 + 3*c + 20 + 42. Give y(30).
1
Let m be 6/10 - ((-196)/(-35) + -5). Let i(s) = s**2 - 3. Calculate i(m).
-3
Let o(f) = -8*f**3 + 85*f**2 + 102*f - 28. Let t(s) = -s**3 + 12*s**2 + 15*s - 4. Let y(u) = -2*o(u) + 15*t(u). Calculate y(-4).
8
Let n(v) = 178*v + 9. Let y(j) = -166*j - 10. Let x(r) = 5*n(r) + 6*y(r). Give x(-1).
91
Suppose 1210*y - 45*y + 346 + 819 = 0. Let w(g) = -4*g**3 - 5*g**2 + 6*g. Let m(s) = 3*s**3 + 4*s**2 - 5*s. Let j(l) = 5*m(l) + 4*w(l). Calculate j(y).
2
Let x(s) = -101*s + 215. Let h(y) = 63*y - 109. Let l(t) = 5*h(t) + 3*x(t). What is l(-10)?
-20
Let g(y) = -y - 2. Suppose -3*i + 3 = -0*i, 15 = -c + 2*i. Let l = c + 30. Suppose n = 3*t - 0*t + l, 5*t + 3*n = -47. Determine g(t).
5
Let x(w) = w - 17. Let d = 147 - 119. Suppose 0 = 5*o + d*o - 462. Give x(o).
-3
Suppose -4521*a = -4508*a + 26. Let v(y) = y**2 - 10*y - 25. What is v(a)?
-1
Let n = -471 + 486. Let x(y) = 8*y**2 + 7*y**2 + y + 154 - y**3 - 167. Determine x(n).
2
Let t(k) = 3*k - 66. Let x be t(39). Suppose -x = -17*g - 0. Let a(q) = -2*q**2 + 2*q + 4. Give a(g).
-8
Let j